{"id":100,"date":"2008-06-18T04:55:04","date_gmt":"2008-06-18T11:55:04","guid":{"rendered":"http:\/\/www.timsummers.org\/?page_id=100"},"modified":"2020-03-16T10:56:16","modified_gmt":"2020-03-16T17:56:16","slug":"kurtag-gyorgy-from-games-signs-and-messages","status":"publish","type":"page","link":"https:\/\/www.timsummers.org\/?page_id=100","title":{"rendered":"Kurt\u00e0g, Gy\u00f6rgy: (from) Games, Signs, and Messages"},"content":{"rendered":"<p>Hungarian composer Gy\u00f6rgy Kurt\u00e0g was a pianist and professsor of chamber music at the Budapest Academy.\u00a0 In his works one continually confronts the fragmentary nature of memory, the possibility and limits of expression, and the reality of disappearance.\u00a0 One need only note how many of his works are hommages, fragments, &#8216;splinters&#8217; to understand that there is an unusual wish for the musical elements to succeed at impossibilities.\u00a0 The short pieces of &#8216;Signs, Games, and Messages&#8217; were all completed separately (many of them revised many times), and form a collection of &#8216;Games&#8217; which is still growing.<\/p>\n","protected":false},"excerpt":{"rendered":"<p>Hungarian composer Gy\u00f6rgy Kurt\u00e0g was a pianist and professsor of chamber music at the Budapest Academy.\u00a0 In his works one continually confronts the fragmentary nature of memory, the possibility and limits of expression, and the reality of disappearance.\u00a0 One need only note how many of his works are hommages, fragments, &#8216;splinters&#8217; to understand that there [&hellip;]<\/p>\n","protected":false},"author":1,"featured_media":0,"parent":21,"menu_order":67,"comment_status":"open","ping_status":"open","template":"","meta":[],"aioseo_notices":[],"_links":{"self":[{"href":"https:\/\/www.timsummers.org\/index.php?rest_route=\/wp\/v2\/pages\/100"}],"collection":[{"href":"https:\/\/www.timsummers.org\/index.php?rest_route=\/wp\/v2\/pages"}],"about":[{"href":"https:\/\/www.timsummers.org\/index.php?rest_route=\/wp\/v2\/types\/page"}],"author":[{"embeddable":true,"href":"https:\/\/www.timsummers.org\/index.php?rest_route=\/wp\/v2\/users\/1"}],"replies":[{"embeddable":true,"href":"https:\/\/www.timsummers.org\/index.php?rest_route=%2Fwp%2Fv2%2Fcomments&post=100"}],"version-history":[{"count":1,"href":"https:\/\/www.timsummers.org\/index.php?rest_route=\/wp\/v2\/pages\/100\/revisions"}],"predecessor-version":[{"id":1317,"href":"https:\/\/www.timsummers.org\/index.php?rest_route=\/wp\/v2\/pages\/100\/revisions\/1317"}],"up":[{"embeddable":true,"href":"https:\/\/www.timsummers.org\/index.php?rest_route=\/wp\/v2\/pages\/21"}],"wp:attachment":[{"href":"https:\/\/www.timsummers.org\/index.php?rest_route=%2Fwp%2Fv2%2Fmedia&parent=100"}],"curies":[{"name":"wp","href":"https:\/\/api.w.org\/{rel}","templated":true}]}}